 h = 11446 - 18183. Let v be (114/9)/((-14)/5292). Let r = v - h. Is r composite?
False
Let i(c) = -c**2 - 22*c + 104. Let v be i(-26). Suppose -3*s + 9 = v, 2*s - 1403 = d - 4966. Is d a composite number?
True
Suppose 3*b - 47084 = -8*y + 998461, 30 = -5*y. Is b a prime number?
False
Let m(x) = -4*x**3 - 2*x**2 + 10*x - 6. Suppose -4*v + q - 43 = 0, 2*q = -5*v - 3*q - 60. Let u be m(v). Is -2 - -2 - (1 - u)/3 composite?
True
Let d = -242740 - -387701. Is d a prime number?
True
Let b be (26/39)/(2/3). Is (-20)/25 + ((-54016)/(-20) - b) a prime number?
True
Suppose -220*s - 150*s + 469423810 = 0. Is s composite?
False
Suppose -35*n - 1387810 = -45*n + 1986580. Is n a prime number?
False
Let d(p) be the second derivative of 317*p**3/3 - 11*p**2/2 + 43*p. Is d(2) prime?
False
Suppose h = -2*n - 26798, -5*h = n + 8642 + 4757. Let p = 20160 + n. Is p a prime number?
True
Suppose 33*p + l = 28*p + 158811, -l - 95285 = -3*p. Is p a prime number?
False
Suppose 382*g + 4256141 = 391*g - 4459252. Is g a prime number?
True
Suppose q + 4*g = 31 - 126, -4*q + 3*g - 399 = 0. Let p be (-9)/q*-2 + (-5958)/22. Let a = 1022 + p. Is a a prime number?
True
Let n be 14/(-28) + 3/2 - -7915. Let l = n + -3736. Suppose -3*v + 5209 = 5*o, -3*v - v = -4*o + l. Is o composite?
True
Is (39/(1053/(-16372476)))/(0 + -2 - 2) a composite number?
False
Suppose -28*f + 32*f = 188. Let a = f + -38. Suppose -a*p + 6*p + 8223 = 0. Is p prime?
True
Let q = -144253 + 265392. Is q a composite number?
False
Suppose 11*g - 101734 = 19365. Let i = g + -6738. Is i prime?
True
Suppose -122*f + 120*f + m = -67618, m = -f + 33809. Is f a composite number?
False
Let v(t) = 14*t**2 + t - 5. Let b be v(5). Let m = 515 - b. Let h = m - 38. Is h composite?
False
Let i(h) = 48*h**3 + 2*h**2 - 119*h - 64. Is i(9) a prime number?
True
Let k = -66 - -71. Suppose b + 39937 = 4*b - 2*z, k*b = z + 66550. Is b prime?
True
Suppose 0 = -0*g - 2*g + 8, -4*i - 2*g - 4 = 0. Let d be (-56229)/(-1)*(-5 + (-16)/i). Suppose 6629 = -18*o + d. Is o a composite number?
False
Let x(i) be the first derivative of -3*i**2/2 + 3*i + 7. Let t be x(1). Suppose t = -3*m + 593 + 40. Is m composite?
False
Let w be ((-3)/9*3)/1 - -43. Suppose 48*j - w*j = 9942. Is j a prime number?
True
Let q = -20 + 45. Suppose 71*a - q = 66*a. Suppose -2340 = -2*h - 2*y, a*h + y + 3*y = 5851. Is h a prime number?
True
Suppose 13170 + 13500 = 3*z. Suppose 5*j - 2*k - k = z, -3*k - 7109 = -4*j. Is j a composite number?
True
Let z be (-29)/(-203) - (-8)/7*-64. Let h = z + 76. Is (869/2 - h)/(1/2) a prime number?
True
Let p be (-2 - (-10 + 0))*(-297)/(-18). Let d be (-3 + p)/(-1 + 0). Let u = d + 166. Is u composite?
False
Suppose -q + 2*f - 67 = f, 5*q = -4*f - 353. Let b = q + 74. Suppose 7*k - 8*k - 6599 = -b*m, 0 = -5*m - 4*k + 6579. Is m a prime number?
True
Let f(c) = -2*c**2 - 13*c + 14838. Let t be f(0). Let j = t - 6509. Is j a composite number?
False
Suppose 0 = 16*y - 21*y - 225. Let r = y + 44. Is (-1361)/2*2/r composite?
False
Let c be -1024*25/5 - (6 - 2). Let r = -3653 - c. Is r composite?
False
Let w(t) = -39*t - 1. Let p be w(-2). Let k = p - 77. Suppose k = -38*z + 43*z - 1435. Is z prime?
False
Let v be (-11458)/51*(3 - 0). Let s = v + 1160. Let p = s + -223. Is p composite?
False
Suppose 11 - 39 = -4*y. Suppose 0 = y*f - 8*f + 9. Suppose -4*t = -f*t - 3*o + 937, -4*o = -2*t + 354. Is t a composite number?
True
Suppose 3*n - 213 = 2*n - 3*l, 0 = -l + 4. Let a = 1150 - 788. Let w = a - n. Is w prime?
False
Let r be -5*((-1247)/(-261) - 2/(-9)). Let f(u) = -u**3 - 21*u**2 - 20*u + 29. Is f(r) a composite number?
True
Let w be (-18096)/(-18) + (-28)/21. Suppose w = -o + 5*o - 2*h, 3*o - 753 = -5*h. Is o composite?
False
Is (-7)/(-14)*1*80842 a prime number?
False
Let d(v) = 1563*v + 1134*v - 3037*v - 251. Is d(-49) a prime number?
False
Let x(m) = -142*m - 1. Let r(f) = -4*f**2 + 8*f - 9. Let i(n) = 3*n**2 - 9*n + 9. Let o(d) = -5*i(d) - 4*r(d). Let y be o(-13). Is x(y) a prime number?
True
Let s = -185369 + 289140. Is s a composite number?
True
Suppose 4*k - 2*k + 13 = w, -k - 4*w = -7. Is k/4 + (-201005)/(-20) composite?
True
Let o be ((-111)/(-74))/(6/(-8))*-173. Let p(y) = 175*y**2 + y - 1. Let x be p(-2). Suppose -f + o = -x. Is f a composite number?
True
Suppose 4*p + 1179 = 3*p. Let g = -182 - p. Is g a prime number?
True
Is (4368/140 + -29)*(194768 + -3) composite?
True
Let y be (-1184 - 1)*(-82)/123. Let r = y + -371. Is r prime?
True
Let n be 3*50/15 - (5 + -1). Suppose -18 = -2*a - 4*c + n, -a + 4*c = 6. Suppose a*y - 7415 + 2633 = 0. Is y prime?
True
Suppose v - 873 = -110. Let y = -198 - -126. Let b = v - y. Is b a composite number?
True
Suppose -20 = 5*f - 0. Let r be -8 - f - (-2215 - 0). Suppose r = 4*c - 2485. Is c a prime number?
False
Suppose 9*b = y + 5*b - 28271, -5*b = -2*y + 56551. Is y a composite number?
False
Let j be 33 - 31 - (4 - 0). Let y be j/(15/(-10) - -1). Let r(h) = 10*h + 15. Is r(y) prime?
False
Let l(i) = -5*i - 22 - 8*i - 1 + 7*i**2. Let k(p) = p + 22. Let u be k(-9). Is l(u) a prime number?
True
Let o = 2666 + 9536. Suppose -3*x + o = 2449. Is x prime?
True
Suppose 4*p = -2*p + 12. Suppose 0 = -5*n + 2*q + 17, -n + 3*n - p = -4*q. Suppose n*z = 432 + 330. Is z composite?
True
Suppose -153815530 = 5773*x - 5795*x. Is x a composite number?
True
Let r = -1 + 85. Let b be r/22 + (-4)/(-22). Suppose -p + 3*a + 15 = -379, -b*p + 1567 = -3*a. Is p prime?
False
Let x be 182 - 0*(-3)/(-9). Let o = 1790 + -637. Let t = o - x. Is t a composite number?
False
Suppose 4*i = 8*i + 426552. Is (-2)/5 + i/(-70) prime?
True
Suppose n - 3 = 0, 6*u - 5*u = 3*n - 6. Suppose -7308 = -k + v, 15992 + 5925 = u*k + 4*v. Is k a prime number?
True
Let f(w) = -9*w**2 - 8*w + 34. Let p be f(-9). Is 6/7 + -1 - 391956/p a composite number?
True
Let u(x) = -4283*x + 327. Is u(-22) a composite number?
True
Suppose 5*g = 7*g + 30. Let n(a) = -a**3 - 16*a**2 - 16*a - 12. Let t be n(g). Suppose t*u + 1159 = 2*v, 0 = -v + 3*u + 2*u + 562. Is v a composite number?
False
Let z(l) = 3 + 0*l - l + 12*l**2 + l**2 - 7*l. Suppose 80*j + 292 = -188. Is z(j) a prime number?
False
Suppose 0 = -5*a + 14136 + 1584. Let l(c) = -c**2 - 34*c - 188. Let p be l(31). Let t = p + a. Is t a prime number?
True
Suppose 2*j - 2*n + 74 = 0, n + 115 = -2*j + 32. Is 4/(-3)*168060/j prime?
False
Let a(k) = k**3 - k**2 - 2*k + 7. Let w be a(0). Suppose 3*f = 4*q - 11, 0*q - 3*q + w = -f. Is 161/q*-4*(-4)/8 composite?
True
Suppose 2*t - 449358 - 93332 = -8*f, -814095 = -3*t + 3*f. Is t a composite number?
True
Suppose 6*x - x + 239717 = 646722. Is x a prime number?
True
Let v(c) = 256*c**2 + 4*c + 10. Suppose -h + 6 = 2*y + 2*h, -5*y + h = 19. Is v(y) a prime number?
False
Let j(l) = -13*l + 43*l - 28 + 27*l. Let d be j(8). Suppose -c - 3*r = -781, -d = 4*c + 4*r - 3568. Is c a composite number?
False
Let l be 100/2 + (-1 - -2). Let j = l - 47. Is (-5)/(j/(-188) - 0) a prime number?
False
Suppose 10*p = -2*p + 24. Suppose p*g = 2*o - 10424, -o + 993 + 4224 = -2*g. Is o prime?
False
Let y(p) = -3*p**2 - 310 + 9*p**2 - 84*p**3 + 312 + 31*p. Is y(-3) composite?
True
Let i = 203930 - 144319. Is i a prime number?
True
Let x(u) = -2*u**3 + 96*u**2 - 402*u - 17. Is x(42) composite?
True
Suppose -5*r = 5*n - 317100, 0 = 6*n + 3*r - 264794 - 115705. Is n prime?
False
Suppose g + 7694 + 20931 = 0. Let l = g + 75448. Is l a prime number?
False
Let d be (-2)/(-12) + -8 + (-418220)/(-24). Suppose 178*r - 184*r + d = 0. Is r composite?
False
Is (-60)/4*(-1 + ((-2099672)/40 - -1)) composite?
True
Let i(x) = 12145*x**2 + 327*x - 121. Is i(-6) a prime number?
False
Suppose 13*n - 120566 - 599341 = -86716. Is n a prime number?
False
Suppose 6*i - 24*i = -810. Is 9/(i/(-10))*2942/(-4) a prime number?
True
Suppose -61*a + 181*a = 1637880. Is a composite?
False
Suppose -12 = -3*t, f - 85*t - 460491 = -87*t. Is f a prime number?
False
Suppose -23 = 3*l - 53. Suppose -12 = -l*r + 13*r, -5*w - 2*r + 38677 = 0. Is w composite?
True
Let m(t) = -32576*t + 807. Is m(-2) a composite number?
True
Let t(a) = 238*a**3 - 7*a**2 + 111*a - 1. Is t(7) a prime number?
True
Let h = 66533 - 35170. Is h composite?
True
Is 2/7*(21877145/10 - 15) a composite number?
False
Let b(m) = 58997*m*